s + 3*s**3. Let f(y) = -h(y) + 2*k(y). Calculate f(n).
-3
Suppose -2*a + 1 + 5 = 0. Suppose -2*q - 1 = a. Let x = 2 + q. Let c(y) = y**3 + y - 1. Determine c(x).
-1
Let f(r) = 3*r. Let d = 1 - -5. Let l be 4/d + 80/(-30). Give f(l).
-6
Let r(g) = g**3 + 7*g**2 - 8*g - 1. Let v = -2 - 6. Calculate r(v).
-1
Let i(f) = -2*f. Let y(a) = 11*a + 8. Let q(o) = -5*i(o) - y(o). Give q(8).
-16
Let j(m) = -m**2 - 9*m - 15. Let h be j(-4). Let t(a) = a**3 - 4*a**2 - a - 2. Give t(h).
18
Let j(b) = -b - 1. Let t(l) = -l**2 + 9*l - 1. Let u(o) = 2*j(o) + t(o). Suppose 6 = 2*r - f + 3*f, -4*r - f = -18. Give u(r).
7
Let o = -19 - -17. Let s(v) = -v**3 - v**2 - 1. Calculate s(o).
3
Let f(l) = 13*l**3 - 21*l**2 + 17*l + 15. Let a(m) = 7*m**3 - 11*m**2 + 9*m + 8. Let t(n) = 11*a(n) - 6*f(n). What is t(4)?
2
Let w(j) = -8 + 4*j**2 - 5*j**2 - 12*j + 2*j. Let c be w(-9). Let f(p) = -3*p. Determine f(c).
-3
Let i(d) = 0*d - 7 + 8*d + 18 + d**2 - 2*d**2. Let o be i(9). Suppose -o = -2*l + 3*f, l - 20 = -2*l - 4*f. Let b(p) = -p**2 + 4*p - 5. Determine b(l).
-5
Let d(q) be the second derivative of -q**5/20 - 5*q**4/12 - q**3/3 + q**2/2 + 45*q. Give d(-4).
-7
Let c(q) be the first derivative of q**4/4 + 2*q**3/3 - 5*q**2/2 + 3*q - 17. What is c(-4)?
-9
Let l = 8 - 9. Let m(x) = -15*x**3 + x**2 + x + 1. Give m(l).
16
Let h(k) = k**3 - 7*k**2 + 7*k + 2. Let w = -33 - -38. What is h(w)?
-13
Let f(q) = -2*q + 13. Let r be f(6). Let i(b) = -3*b**2 + b + 14*b**2 - b - 1. What is i(r)?
10
Let v(k) = k. Let p(i) = -i**2 + 4*i - 3. Let y be p(2). Let u(f) = 8*f + 2. Let z(a) = y*u(a) - 2*v(a). What is z(-2)?
-10
Let m(i) = i**3 - i**2 - i + 6. Let k be m(0). Let c(a) = -a**2 + 9*a - 6. Calculate c(k).
12
Let h(t) be the first derivative of -1/2*t**2 + 3*t + 2. Calculate h(-3).
6
Let k(v) = -v**3 - 2*v**2 - 2*v - 3. Suppose p + 0*p - 2 = 0. Let f = p + -4. Give k(f).
1
Suppose 5*p = 6 - 1. Let m(q) = -4 - 5*q + 3 + 1 - 1. Determine m(p).
-6
Let y be -1 - 10/(-4)*2. Let h be 3/((-1)/y*3). Let p(k) = -k**2 - 4*k + 4. Give p(h).
4
Let k(v) be the first derivative of -v**4/4 + v**3 + 5*v**2/2 - 3*v - 11. Give k(3).
12
Let j(i) be the second derivative of i**3/6 - 3*i**2/2 + 13*i. Calculate j(-8).
-11
Let g(m) = 3 + 4*m**2 - m**3 + 0*m**2 + 2*m + 4*m. Give g(5).
8
Suppose -2*a - 1 = -5. Let g(v) = -2 - 2 + 4*v**a - 3. Let d(z) = -11*z**2 + 20. Let p(q) = -3*d(q) - 8*g(q). What is p(0)?
-4
Let n(y) = -y**2 + 3*y - 2. Let h(l) = l**2 + 11*l + 13. Let f be h(-10). Determine n(f).
-2
Let y(o) = -o**3 - 5*o**2 + 6*o + 2. Let a be y(-6). Let u(g) = g**2 + 0*g**2 + g + 3*g**a. Suppose 3*r - 3*p = 2*p + 8, 0 = -4*r + 5*p + 9. Give u(r).
5
Let t(d) be the third derivative of -d**6/120 - d**5/15 + d**4/24 - d**3/3 - 14*d**2. Calculate t(-4).
-6
Let h(f) = f**2 + 4*f - 8. Suppose -8*p - 10 = -13*p. Suppose 27 = -5*q - p*y + 3*y, y = -3*q - 21. Calculate h(q).
4
Let x(u) = 0*u + 1 + 8*u - 6*u - u. Determine x(-5).
-4
Let k(w) = -w**3 + 6*w**2 - 8*w + 5. Let x = 3 - -2. Suppose -x*n = -5, -5*h = -n + 5*n - 29. Give k(h).
-10
Let y(g) be the second derivative of -1/12*g**4 + 1/2*g**2 + 0*g**3 + 0 + 1/2*g**5 - 2*g. Determine y(1).
10
Let n(j) = -6*j**2 - 1. Let d be (-15)/25 - (-4)/(-10). Give n(d).
-7
Let x(j) = -9*j - 4. Let k be x(-4). Suppose o - 5*o - v = k, 3*o + 24 = -4*v. Let g be ((-4)/(-6))/(o/12). Let b(c) = -c**3 - c - 1. Give b(g).
1
Let u(w) = 8*w**2 - 10*w**2 + 10*w**2 - w**3 - 2 + 0 - 7*w. Give u(7).
-2
Let z(y) = 7*y - 1. Suppose -2*h + 3*p = 5, 2*h - h = 4*p + 5. Let c(t) be the second derivative of t**3/6 + 4*t**2 + t. Let n be c(h). Calculate z(n).
6
Let g(k) be the third derivative of k**5/60 + k**4/8 + k**3 + 41*k**2. Calculate g(-5).
16
Suppose 2*f + f = 2*r + 10, -5*r = 2*f + 25. Let m = f - -4. Let o(a) = -a**3 + 3*a**2 + 2*a + 5. Determine o(m).
-3
Let d(h) be the third derivative of -h**5/20 - h**4/12 + h**3/3 + 7*h**2. Suppose 0 = -0*l - 4*l - 8. Give d(l).
-6
Let i(z) be the first derivative of z**3/3 + 3*z**2/2 + z - 3. What is i(-2)?
-1
Suppose i = -4 - 2. Let k(n) = 3*n + 8. Give k(i).
-10
Let c(b) be the first derivative of -2*b**2 + 46. Let l(j) = j + 2*j - 2*j. Let x(a) = -2*c(a) - 7*l(a). Give x(-1).
-1
Let f be (39/(-65))/(1/5). Let l(m) be the first derivative of m**5/120 - m**4/24 + m**3/3 - 1. Let k(p) be the third derivative of l(p). Calculate k(f).
-4
Let o(a) = a**3 + 8*a**2 + 9*a + 6. Suppose 0 = -4*n + 3*n + 2. Let r = n + -9. Determine o(r).
-8
Let g be 4/(-6) + (-22)/(-6). Let p(o) = 0*o - 3 - 2*o + g*o + o**2. Suppose -2*r - 3*r = 0. Give p(r).
-3
Let j = -4 - -3. Let w(q) = -5*q + 2. Let s(d) = 60*d - 25. Let k(o) = 2*s(o) + 25*w(o). Calculate k(j).
5
Let o(j) = -8*j - 1 + 5*j + 8*j**2 - j**2 + 5*j. Determine o(1).
8
Let r(p) = p**3 + p**2 - 2*p - 2. Let g be r(-2). Let x(o) = 3*o. Let q(u) = 10*u - 1. Let c(v) = 2*q(v) - 7*x(v). Calculate c(g).
0
Let m(k) = k**2 + 2*k - 5. Suppose -3*u = 3*b - 24, 0 = u - 4*u + 2*b + 9. Let j = u + -3. Suppose -j = 5*x + 23. Give m(x).
10
Let a(y) = -y**2 + 2*y. Let z(v) = -v**2 + 3*v + 1. Let t(d) = 7*a(d) - 6*z(d). Let l be t(-4). Let b(s) = s**3 + 7*s**2 + 5*s - 2. Give b(l).
4
Let o(h) = -h - 2. Let u be 0 + 7/(-14) + (-7)/2. Calculate o(u).
2
Let c(i) = -8*i - 6. Let h(g) = -7*g - 5. Let w be -3 + (0 - (2 + 1)). Let y(a) = w*c(a) + 7*h(a). Calculate y(1).
0
Suppose -5*i = -2*i + 9. Let j = 5 + i. Let s(a) = 4*a. What is s(j)?
8
Suppose 4*d - 2*o + 6 - 2 = 0, -4*d + 3*o = 8. Let w(n) = -6*n**2 - 1. What is w(d)?
-7
Let m be (-16)/(-6)*(-6)/(-4). Let j be (m - 2 - -8)/2. Suppose 4*a + d = -a - 13, 5*a + 5 = -j*d. Let x(f) = f**2 - 2. Calculate x(a).
7
Let a(k) = -k**3 - 2*k**2 - k - 5. Let r(o) = o**2. Let u(f) = -a(f) + 4*r(f). Let l(v) = -8*v**2 - v + 1. Let n be l(-1). Give u(n).
-1
Let j(u) be the third derivative of u**6/120 + u**5/60 + 2*u**3/3 + 3*u**2. Let l(g) = -g**3 + 3*g**2 - g - 2. Let q be l(2). What is j(q)?
4
Let n(i) be the second derivative of 5*i**3/6 + i**2/2 - 10*i. Give n(2).
11
Suppose 5 = 5*b + 10. Let n(y) = 2*y**3 - y**2. Give n(b).
-3
Let j(w) be the first derivative of 3*w**2/2 + 2. Suppose -215*d + 3 = -218*d. Give j(d).
-3
Let p(j) = -5*j + 2. Suppose -3*v + 0 + 6 = 0. Calculate p(v).
-8
Let m(l) = -l**2 - 9*l - 8. Let s be m(-8). Let u(p) = 2 + 3 + 2*p + s - p. Calculate u(-6).
-1
Let d(b) = -b**3 - 4*b**2 + 7*b + 6. Let v(m) = -3*m**2 + 2*m + 1. Let u be v(-1). Let k be (1 - (3 + -1)) + u. Calculate d(k).
-4
Let y(q) = -11*q**3 - q + 6. Let z(u) = 10*u**3 + u - 5. Let i(b) = 5*y(b) + 6*z(b). What is i(-1)?
-6
Let r(a) = -a**2 + 2*a - 3. Let k be r(0). Let t(m) = -m**3 - 2*m**2 + 4*m + 4. What is t(k)?
1
Let p(z) = 2*z**3 - 2*z**2. Let o(l) = 5*l**3 - 3*l**2 + l + 1. Let c(k) = -3*o(k) + 7*p(k). Let t be (-3)/(18/(-4))*-3. Determine c(t).
-9
Let k(x) = -x + 1. Let t(s) = -5*s**3 - 2*s + 1 - 2 + 4*s**3 + 4 - 4*s**2. Let o(u) = -u**3 + 7*u**2 - 8*u + 9. Let b be o(6). Let w be t(b). Calculate k(w).
1
Let a(v) = 3*v**3 - 15*v**2 - 11*v + 29. Let o(p) = p**3 - 5*p**2 - 4*p + 10. Let i(h) = 6*a(h) - 17*o(h). Give i(4).
-4
Let a be 45/35 - (-4)/(-14). Suppose -5*r + 2*i + 0*i = -10, 8 = 4*r + 3*i. Let c(g) = -3*g + 0*g**2 - 2*g**2 + 4*g**2 + r*g - g**3. Calculate c(a).
0
Let d(j) = j**2 + 5*j. Suppose -10*w + 8*w = 10. Determine d(w).
0
Let k(y) = 5 + 6 - 3*y - 10. Let b = 1 + 0. Calculate k(b).
-2
Let o(x) = x**3 + 5*x**2 - x - 2. Let k = -61 + 56. What is o(k)?
3
Let h(i) = i**2 - 5*i + 4. Let c be h(4). Suppose 0 = d - c*d + 4. Let a = 6 + d. Let l(j) = -2*j - 1. Determine l(a).
-5
Suppose 3*f = -4 + 13. Suppose 0 = -3*b - 0*p + 4*p + 16, 0 = -f*b + 3*p + 15. Let c(s) = 7 - 2*s**2 - 3*s**2 - 6*s + s**3 - b. Give c(6).
3
Let r(b) = 2 - 2*b + b + 2. Suppose -5*k - k = -30. Determine r(k).
-1
Let q(x) = -3*x + 5. Let n(o) = -4*o + 4. Let t(f) = -4*n(f) + 5*q(f). Calculate t(0).
9
Let d(z) = -z + 10 - 2 + 0. What is d(8)?
0
Let p = 11 - 5. Let v(u) = 0*u**3 - 1 - u - p*u**3 - 5*u**3. Determine v(-1).
11
Let i(k) = k**2 - 14*k + 11. Let m be i(13). Let n = -7 - m. Let s(w) = w**3 + 4*w**2 - 3*w + 7. Give s(n).
-3
Let z(y) = 1 - 4*y + 3*y - y + 4*y. Let p be z(1). Let h(b) = 5*b + p - 6 - 10*b. Give h(-2).
7
Let c(y) = -y**3 - 8*y**2 - 7*y - 5. Suppose -5*k + 3*w - 48 + 7 = 0, 4*w = 4*